ided by 160.
25
What is the remainder when 68079839 is divided by 34039917?
5
What is the remainder when 6006006 is divided by 375374?
22
What is the remainder when 15586 is divided by 75?
61
Calculate the remainder when 146703713 is divided by 34.
3
Calculate the remainder when 4737583 is divided by 705.
688
Calculate the remainder when 58143323 is divided by 279.
2
Calculate the remainder when 13560 is divided by 13074.
486
What is the remainder when 19254562 is divided by 1132621?
5
Calculate the remainder when 18513781 is divided by 171.
124
Calculate the remainder when 23904 is divided by 2497.
1431
Calculate the remainder when 190755 is divided by 6577.
22
Calculate the remainder when 4463189 is divided by 11328.
11285
What is the remainder when 16471750 is divided by 109?
106
What is the remainder when 231341 is divided by 33044?
33
What is the remainder when 2832583 is divided by 188825?
208
Calculate the remainder when 1174600 is divided by 78305.
25
Calculate the remainder when 49825438 is divided by 144.
142
What is the remainder when 1326391 is divided by 221059?
37
What is the remainder when 949169 is divided by 78994?
1241
Calculate the remainder when 69523959 is divided by 38012.
11
Calculate the remainder when 263887 is divided by 17570.
337
Calculate the remainder when 2036173 is divided by 6078.
43
Calculate the remainder when 6856554 is divided by 1602.
1596
Calculate the remainder when 11081250 is divided by 481793.
11
What is the remainder when 9942717 is divided by 15?
12
Calculate the remainder when 92103 is divided by 1218.
753
What is the remainder when 2497151 is divided by 23?
18
What is the remainder when 220741 is divided by 437?
56
Calculate the remainder when 26693490 is divided by 28.
26
What is the remainder when 22982866 is divided by 13?
10
Calculate the remainder when 14677 is divided by 12818.
1859
Calculate the remainder when 1117998615 is divided by 28.
27
What is the remainder when 633896740 is divided by 186?
184
Calculate the remainder when 9411 is divided by 7604.
1807
Calculate the remainder when 14118524 is divided by 784362.
8
What is the remainder when 1008256 is divided by 9339?
8983
Calculate the remainder when 4799112 is divided by 197.
192
Calculate the remainder when 177385 is divided by 347.
68
Calculate the remainder when 551851 is divided by 1597.
886
Calculate the remainder when 1985633 is divided by 46177.
22
Calculate the remainder when 43801 is divided by 286.
43
What is the remainder when 479484 is divided by 47933?
154
What is the remainder when 170870 is divided by 944?
6
What is the remainder when 111099 is divided by 83?
45
What is the remainder when 643863 is divided by 104?
103
What is the remainder when 265660 is divided by 53094?
190
Calculate the remainder when 312436399 is divided by 141.
139
Calculate the remainder when 25230994 is divided by 36.
34
What is the remainder when 4137928 is divided by 80?
8
What is the remainder when 97444616 is divided by 3510?
3506
What is the remainder when 174704411 is divided by 69?
68
Calculate the remainder when 630400551 is divided by 63.
60
Calculate the remainder when 200592 is divided by 25061.
104
Calculate the remainder when 33086 is divided by 10760.
806
Calculate the remainder when 155426 is divided by 229.
164
Calculate the remainder when 28503995 is divided by 97.
60
What is the remainder when 8014035 is divided by 1568?
1555
What is the remainder when 617252 is divided by 46?
24
Calculate the remainder when 41313238 is divided by 10328308.
6
Calculate the remainder when 3480832 is divided by 122.
50
What is the remainder when 1340716 is divided by 410?
16
What is the remainder when 2292937 is divided by 264?
97
What is the remainder when 4953751 is divided by 317?
309
Calculate the remainder when 61432 is divided by 61032.
400
What is the remainder when 5406197 is divided by 675774?
5
What is the remainder when 167071 is divided by 6653?
746
Calculate the remainder when 20440303 is divided by 19.
8
Calculate the remainder when 8570925 is divided by 24.
21
What is the remainder when 2297601 is divided by 315?
306
Calculate the remainder when 6679350 is divided by 19.
14
Calculate the remainder when 13601175 is divided by 53.
50
Calculate the remainder when 141159 is divided by 80.
39
Calculate the remainder when 741982 is divided by 5013.
58
Calculate the remainder when 15677056 is divided by 291.
13
Calculate the remainder when 301568 is divided by 73303.
8356
Calculate the remainder when 86297386 is divided by 948.
946
What is the remainder when 4513639 is divided by 57?
37
What is the remainder when 3283649 is divided by 1123?
1120
Calculate the remainder when 35228248 is divided by 75.
73
What is the remainder when 1230277 is divided by 140?
97
What is the remainder when 2522201 is divided by 840549?
554
Calculate the remainder when 12893544 is divided by 117214.
4
Calculate the remainder when 128186739 is divided by 4246.
4245
What is the remainder when 534204 is divided by 133549?
8
What is the remainder when 2607576 is divided by 459?
456
What is the remainder when 602180 is divided by 36?
8
Calculate the remainder when 131345 is divided by 536.
25
Calculate the remainder when 42105802 is divided by 221.
219
Calculate the remainder when 5270142 is divided by 468.
462
What is the remainder when 1187644 is divided by 10891?
525
Calculate the remainder when 67849830 is divided by 1039.
13
Calculate the remainder when 59319240 is divided by 1147.
988
Calculate the remainder when 192125 is divided by 624.
557
Calculate the remainder when 60160974 is divided by 9143.
34
What is the remainder when 50408706 is divided by 15?
6
Calculate the remainder when 363520 is divided by 68.
60
Calculate the remainder when 776874 is divided by 1163.
1153
What is the remainder when 42587 is divided by 1364?
303
What is the remainder when 195442 is divided by 2062?
1614
What is the remainder when 162707 is divided by 69?
5
What is the remainder when 173366 is divided by 173352?
14
What is the remainder when 34677087 is divided by 12438?
12381
What is the remainder when 2481526 is divided by 4691?
4678
Calculate the remainder when 6658278 is divided by 91.
81
What is the remainder when 300506371 is divided by 1235?
1231
Calculate the remainder when 100402 is divided by 14292.
358
What is the remainder when 147702 is divided by 49061?
519
Calculate the remainder when 137418501 is divided by 217.
213
What is the remainder when 712448 is divided by 3325?
898
What is the remainder when 20013737 is divided by 111?
104
What is the remainder when 769087 is divided by 153590?
1137
What is the remainder when 3179572 is divided by 5362?
5268
What is the remainder when 488773 is divided by 129?
121
What is the remainder when 23784 is divided by 7499?
1287
Calculate the remainder when 4192425 is divided by 67.
34
What is the remainder when 46931620 is divided by 91?
8
What is the remainder when 165753 is divided by 300?
153
What is the remainder when 1627610 is divided by 1910?
290
What is the remainder when 9784142 is divided by 66109?
10
What is the remainder when 1964 is divided by 1576?
388
What is the remainder when 1749523 is divided by 41?
12
Calculate the remainder when 18807413 is divided by 311.
310
Calculate the remainder when 12983379 is divided by 81146.
19
What is the remainder when 138636 is divided by 45190?
3066
What is the remainder when 139920 is divided by 34952?
112
Calculate the remainder when 261176 is divided by 8222.
6294
What is the remainder when 955952 is divided by 61?
21
What is the remainder when 2289714 is divided by 572?
570
What is the remainder when 4608886 is divided by 1536291?
13
What is the remainder when 143396237 is divided by 1730?
1727
What is the remainder when 296980 is divided by 12374?
4
Calculate the remainder when 3279 is divided by 2381.
898
Calculate the remainder when 327213 is divided by 1544.
1429
Calculate the remainder when 2547607 is divided by 120.
7
What is the remainder when 1107541 is divided by 164?
49
Calculate the remainder when 3511931 is divided by 1751.
1176
What is the remainder when 1241683 is divided by 8742?
319
Calculate the remainder when 157497 is divided by 157381.
116
Calcula